
What is the remainder when 1251862 is divided by 58?
48
Calculate the remainder when 12353 is divided by 37.
32
What is the remainder when 30334 is divided by 919?
7
Calculate the remainder when 3329 is divided by 81.
8
Calculate the remainder when 16383 is divided by 38.
5
What is the remainder when 24940 is divided by 84?
76
Calculate the remainder when 60248 is divided by 10.
8
What is the remainder when 2471 is divided by 408?
23
Calculate the remainder when 3459 is divided by 380.
39
What is the remainder when 891835 is divided by 153?
151
Calculate the remainder when 9303 is divided by 227.
223
Calculate the remainder when 8859 is divided by 88.
59
What is the remainder when 742236 is divided by 14?
12
What is the remainder when 73068 is divided by 339?
183
What is the remainder when 755953 is divided by 785?
783
What is the remainder when 4231 is divided by 506?
183
What is the remainder when 1482788 is divided by 744?
740
What is the remainder when 17582 is divided by 2723?
1244
What is the remainder when 11322 is divided by 5650?
22
Calculate the remainder when 32409 is divided by 438.
435
Calculate the remainder when 32330 is divided by 412.
194
What is the remainder when 37 is divided by 12?
1
Calculate the remainder when 3100 is divided by 183.
172
Calculate the remainder when 8951 is divided by 1105.
111
Calculate the remainder when 348443 is divided by 16.
11
What is the remainder when 303011 is divided by 3?
2
What is the remainder when 77601 is divided by 1035?
1011
Calculate the remainder when 15946 is divided by 1816.
1418
What is the remainder when 45055 is divided by 53?
5
What is the remainder when 1701 is divided by 1694?
7
Calculate the remainder when 1993 is divided by 731.
531
Calculate the remainder when 4138 is divided by 1515.
1108
Calculate the remainder when 12720 is divided by 148.
140
What is the remainder when 41611 is divided by 1342?
9
Calculate the remainder when 14481 is divided by 2892.
21
What is the remainder when 970 is divided by 46?
4
Calculate the remainder when 12601 is divided by 631.
612
Calculate the remainder when 6532 is divided by 261.
7
Calculate the remainder when 889283 is divided by 329.
325
What is the remainder when 7137 is divided by 1779?
21
Calculate the remainder when 1274 is divided by 39.
26
Calculate the remainder when 569657 is divided by 28.
25
What is the remainder when 144022 is divided by 381?
4
Calculate the remainder when 2370579 is divided by 254.
251
What is the remainder when 21259 is divided by 253?
7
What is the remainder when 11530 is divided by 1279?
19
Calculate the remainder when 39968 is divided by 146.
110
What is the remainder when 32453 is divided by 461?
183
Calculate the remainder when 3975 is divided by 434.
69
Calculate the remainder when 9684 is divided by 8691.
993
Calculate the remainder when 160 is divided by 152.
8
What is the remainder when 15390 is divided by 312?
102
Calculate the remainder when 1765757 is divided by 1240.
1237
What is the remainder when 1138215 is divided by 34?
31
What is the remainder when 41157 is divided by 46?
33
What is the remainder when 43010 is divided by 1870?
0
What is the remainder when 31901 is divided by 3772?
1725
What is the remainder when 45759 is divided by 323?
216
What is the remainder when 29685 is divided by 157?
12
What is the remainder when 2680 is divided by 253?
150
Calculate the remainder when 641752 is divided by 573.
565
Calculate the remainder when 202628 is divided by 285.
278
What is the remainder when 7592 is divided by 155?
152
What is the remainder when 589 is divided by 260?
69
What is the remainder when 2112 is divided by 541?
489
What is the remainder when 1545 is divided by 306?
15
Calculate the remainder when 6774 is divided by 1224.
654
What is the remainder when 1117 is divided by 1014?
103
Calculate the remainder when 25602 is divided by 6083.
1270
Calculate the remainder when 48090 is divided by 1118.
16
What is the remainder when 14764 is divided by 4913?
25
What is the remainder when 589 is divided by 212?
165
Calculate the remainder when 5608524 is divided by 77.
75
Calculate the remainder when 86609 is divided by 8.
1
What is the remainder when 94109 is divided by 692?
689
What is the remainder when 74118 is divided by 99?
66
Calculate the remainder when 2784947 is divided by 1526.
1523
Calculate the remainder when 4425 is divided by 214.
145
Calculate the remainder when 334 is divided by 2.
0
Calculate the remainder when 4243 is divided by 452.
175
What is the remainder when 65721 is divided by 13143?
6
Calculate the remainder when 1301 is divided by 29.
25
Calculate the remainder when 6850 is divided by 63.
46
What is the remainder when 48328 is divided by 42?
28
What is the remainder when 102984 is divided by 1584?
24
What is the remainder when 41158 is divided by 219?
205
Calculate the remainder when 7319 is divided by 487.
14
Calculate the remainder when 376 is divided by 178.
20
What is the remainder when 11420 is divided by 317?
8
Calculate the remainder when 38818 is divided by 55.
43
What is the remainder when 53093 is divided by 18?
11
What is the remainder when 813909 is divided by 64?
21
What is the remainder when 359 is divided by 213?
146
Calculate the remainder when 15288 is divided by 4984.
336
Calculate the remainder when 132 is divided by 86.
46
Calculate the remainder when 2066310 is divided by 1493.
1491
What is the remainder when 3649 is divided by 44?
41
What is the remainder when 54076 is divided by 702?
22
Calculate the remainder when 38926 is divided by 16.
14
What is the remainder when 33459 is divided by 11?
8
What is the remainder when 11769 is divided by 214?
213
Calculate the remainder when 80861 is divided by 13471.
35
Calculate the remainder when 195443 is divided by 18.
17
Calculate the remainder when 7027 is divided by 292.
19
What is the remainder when 2177 is divided by 84?
77
Calculate the remainder when 86707 is divided by 487.
21
Calculate the remainder when 867 is divided by 22.
9
What is the remainder when 5692 is divided by 931?
106
What is the remainder when 4777 is divided by 165?
157
What is the remainder when 17501 is divided by 3274?
1131
What is the remainder when 2828 is divided by 100?
28
What is the remainder when 24493 is divided by 331?
330
Calculate the remainder when 6146 is divided by 62.
8
Calculate the remainder when 9708 is divided by 2361.
264
What is the remainder when 9735 is divided by 811?
3
Calculate the remainder when 808628 is divided by 141.
134
What is the remainder when 153066 is divided by 238?
32
Calculate the remainder when 1006 is divided by 107.
43
Calculate the remainder when 375909 is divided by 125298.
15
Calculate the remainder when 49985 is divided by 259.
257
Calculate the remainder when 5783 is divided by 362.
353
Calculate the remainder when 20549 is divided by 269.
105
Calculate the remainder when 58061 is divided by 14513.
9
Calculate the remainder when 16213 is divided by 953.
12
What is the remainder when 12987 is divided by 1332?
999
Calculate the remainder when 4603 is divided by 459.
13
What is the remainder when 2023 is divided by 455?
203
What is the remainder when 31106 is divided by 622?
6
What is the remainder when 587 is divided by 187?
26
Calculate the remainder when 8795 is divided by 141.
53
What is the remainder when 3964 is divided by 1082?
718
What is the remainder when 13175 is divided by 13112?
63
What is the remainder when 53113 is divided by 121?
115
Calculate the remainder when 5374 is divided by 2641.
92
Calculate the remainder when 34961 is divided by 94.
87
Calculate the remainder when 4450 is divided by 463.
283
Calculate the remainder when 822359 is divided by 178.
177
What is the remainder when 68825 is divided by 910?
575
Calculate the remainder when 2146 is divided by 704.
34
Calculate the remainder when 207 is divided by 15.
12
Calculate the remainder when 1740 is divided by 67.
65
What is the remainder when 2429 is divided by 461?
124
Calculate the remainder when 1278 is divided by 26.
4
Calculate the remainder when 694888 is divided by 409.
406
What is the remainder when 4222 is divided by 992?
254
What is the remainder when 5578 is divided by 381?
244
Calculate 